Let t = -92 - -63. Let g = 70 + t. What are the prime factors of g?
41
Let g be 82 + 4/6*-3. Let k be g/6 - (-4)/6. Suppose 4*r + 12 = 0, 3*b - 2*r = k + 4. List the prime factors of b.
2
Let m(b) = -b. Let z be m(1). Let l = z + 1. Suppose -3*v - 2*j - 2*j + 39 = l, 5*v - 4*j = 65. List the prime factors of v.
13
Suppose -l + 2*i - 29 = 0, 5*l - 3*i + 84 = 2*l. Let y = 38 + l. List the prime factors of y.
11
Let i(x) = -x**3 + x**2 + 2*x + 2. Let u(j) = -j**2 - 8*j - 2. Let c be u(-8). What are the prime factors of i(c)?
2, 5
Let z(b) = 2*b**2 + 9*b + 2. List the prime factors of z(-6).
2, 5
Suppose 2*y - 2 = 2*b - 3*b, 5*y = 5*b - 25. Let x be y/4 - 125/(-20). Suppose -4 = -x*t + 5*t. What are the prime factors of t?
2
Let y(c) = c**3 + 12*c**2 + 9*c - 22. List the prime factors of y(-9).
2, 5, 7
Suppose 10*u = 780 + 480. What are the prime factors of u?
2, 3, 7
Let z(k) = k**3 - k**2 - 3*k + 3. Let s be 2/(-6) - 1/(-3). Suppose -2*y + 9 - 3 = s. List the prime factors of z(y).
2, 3
Let n be (4 + -1)/((-3)/(-9)). Let d = n - 9. Suppose 15 = 5*g - d. What are the prime factors of g?
3
Suppose -3*h - 10 - 8 = 0. Let s(v) = -v + 0 - 4 - v - v. What are the prime factors of s(h)?
2, 7
List the prime factors of (-6)/24 - ((-1707)/(-4))/(-3).
2, 71
Let r = -16 - -24. Suppose r = 2*h - 4. Let v = -1 + h. List the prime factors of v.
5
What are the prime factors of ((-918)/(-8))/3 + 42/56?
3, 13
Let v = 3 - 6. Let a be v/(2 + (-39)/24). What are the prime factors of (a - 1)*(0 - 1)?
3
Suppose 5*k = 2*k + 3. What are the prime factors of 11 - (k - 0)*1?
2, 5
Let b = -15 + 21. Suppose 3 + b = l. What are the prime factors of l?
3
Let p = 122 - 10. Suppose 4*x - 6*y + 9*y - p = 0, 5*x - 4*y = 171. List the prime factors of x.
31
Suppose d - 6 = -0*d - 4*w, -4*d - 5*w + 13 = 0. Suppose -d*a = 0, 0*y + 26 = -2*y + 4*a. Let v = -8 - y. List the prime factors of v.
5
Let o be (-2 - -1*2)*1. Suppose -3*p - 4 - 2 = o. What are the prime factors of (-10)/(-1) - (p - -3)?
3
Suppose 5*m - 8 = m. Suppose -m*a = a - 9. Suppose -18 = -3*c + a. What are the prime factors of c?
7
Let j = -14 - -13. Let v(z) = -27*z**3 + z**2 + z. List the prime factors of v(j).
3
Suppose -h = -5*h + 240. Suppose -6*n - h = -4*n. Let a = -20 - n. List the prime factors of a.
2, 5
Let b(l) = -l**2 - 7*l - 2. Let s be 3 + -3 + 0 + -6. Let v be b(s). Let q = v - 1. What are the prime factors of q?
3
Let o(m) = -5*m**2 + 2*m - 4. Let c(f) = -f**2 - f - 1. Let d(a) = -4*c(a) + o(a). Let l be d(5). Suppose -l*h + 0*h + 60 = 0. What are the prime factors of h?
2, 3
Let j(p) = 4*p**2 - p. Let m be j(1). Suppose -m*h + 40 = 2*k - 3, 4*k - 4*h - 36 = 0. List the prime factors of k.
2, 7
Let n be 5 - ((-1)/(-1) - -2). Suppose b = -n*b + 45. What are the prime factors of b?
3, 5
Let q = 5 - 1. Suppose -4 = t, 2*j + 28 = q*j - 4*t. What are the prime factors of j?
2, 3
Let i be (5 + 4)/(-3) + 12. Suppose -i = -d + 7. What are the prime factors of d?
2
Let k(f) = 3*f - 5. What are the prime factors of k(7)?
2
Let x(l) = -3*l + 5. Suppose 0 = -5*u + 17 - 47. What are the prime factors of x(u)?
23
Let f(p) = -p**2 - 7*p + 6. Let q be (6/8)/((-2)/16). What are the prime factors of f(q)?
2, 3
Let z(u) = 2*u**2 + 3*u - 9. List the prime factors of z(-7).
2, 17
Let h(x) = -x**2 + 5*x + 6. What are the prime factors of h(5)?
2, 3
Let m be ((-1)/(-1))/((-3)/51). Let i = m + 35. List the prime factors of i.
2, 3
Let x = 11 - 18. Let n be (-316)/28 - 2/x. Let m = n + 21. What are the prime factors of m?
2, 5
Let l be 3*2/3 - -5. What are the prime factors of ((-7)/(-3))/(l/21)?
7
Let c(g) = g + 3*g + 11 - 5*g. Let o = -98 + 98. What are the prime factors of c(o)?
11
Suppose 4*c = -3*j - 2*j + 34, 0 = -3*j - c + 19. List the prime factors of j.
2, 3
Let j(m) = -m**2. Let h be j(0). Let i(l) be the first derivative of l**4/4 - l**3/3 + l**2/2 + 12*l + 1. What are the prime factors of i(h)?
2, 3
What are the prime factors of (-8)/(-1 - 1)*(7 + 3)?
2, 5
Suppose r + 4*r - 755 = 5*h, 4*r - 568 = -5*h. List the prime factors of r.
3, 7
Let z = 1 + 3. Suppose 0 = -z*b - 3 + 31. What are the prime factors of b?
7
Let g(d) = 3*d - 6. Let p be g(6). Let m be (-2)/3 + 32/p. Suppose -v + m*v - 10 = 0. What are the prime factors of v?
2, 5
Let p(l) = -65*l - 5. What are the prime factors of p(-1)?
2, 3, 5
Let y = 6 + -1. Let d = y + 2. What are the prime factors of d?
7
Let j be 1*53 - (-11 + 14). Suppose -j + 20 = -5*q. List the prime factors of q.
2, 3
Let l be 4/(-10) + 7/5. Let z(g) = 2*g + 1. Let j be z(l). What are the prime factors of (-22)/(-6) + j/9?
2
Let p(c) = c**2 - 4*c - 1. Let t(j) = -2*j**2 + 8*j + 1. Let d(i) = -5*p(i) - 3*t(i). Let g be d(4). Suppose r = 6 - g. What are the prime factors of r?
2
Let v = 113 + -38. List the prime factors of v.
3, 5
Let y(u) = 3*u**2 + 2*u + 11. List the prime factors of y(-6).
107
Let j = -20 + 84. What are the prime factors of j?
2
Suppose 0*j + 21 = -3*j - 3*k, 2*j + 4*k = -8. What are the prime factors of j/3*(-54)/30?
2, 3
Let a = 23 - 9. What are the prime factors of a?
2, 7
Let z = 81 + -57. What are the prime factors of z?
2, 3
Suppose 2*j - 2717 = -9*j. List the prime factors of j.
13, 19
Let i(x) = -x**2 - 13*x - 7. Suppose 4*m + 40 = 4. Let c be i(m). Suppose y - 27 = -4*o, 0 = 5*o - 2*y - c - 21. List the prime factors of o.
2
Suppose 4*p = -8, -4*r + 3*p = 10 - 0. Let s be 1/r*2*-10. Suppose -s*n = -n - 16. List the prime factors of n.
2
Let x be 4/(-12) + 326/6. List the prime factors of x/(-12)*2/(-3).
3
Let v = -17 - -23. List the prime factors of v.
2, 3
Let q = 1 + -2. Let r(f) = f**2 - f. List the prime factors of r(q).
2
Let w(t) = t**3 - 3*t**2 - 3*t - 1. Let p be w(4). Suppose -m + 23 + p = 0. Let j = m - 18. List the prime factors of j.
2
What are the prime factors of (-16)/(-10)*50/2?
2, 5
Suppose 5*v + 12 = v, -4*f + 262 = -2*v. What are the prime factors of f?
2
Let b(u) be the second derivative of -u**5/20 + 5*u**4/12 + 7*u**3/6 + u**2/2 - 4*u. List the prime factors of b(6).
7
Suppose 4*w + 0*w + 92 = 0. Let n = -42 - w. Let c = n + 32. What are the prime factors of c?
13
Suppose 3*p = 7*p - 96. Suppose m - 4*b = 7, p = -3*m - 4*b + b. Let g(s) = -s**2 - 6*s + 6. What are the prime factors of g(m)?
11
Let s(l) = -57*l. Let b be s(-1). What are the prime factors of (-8)/44 + b/11?
5
Let h(z) = -z + 5. Let y be h(7). What are the prime factors of y + 2/(-2)*-12?
2, 5
Let f(y) = y**3 + 5*y**2 + 3*y + 2. Let w be f(-4). Let s = 10 - w. Suppose -r = -s + 2. What are the prime factors of r?
2
Let n = -76 + 86. List the prime factors of n.
2, 5
Let y = -9 - -13. Let f be (35/(-21))/((-1)/3). Suppose -3*j - y = -f*j. What are the prime factors of j?
2
Let j(s) be the first derivative of -s**3/3 - 5*s**2/2 + 8*s - 1. Let i be j(-6). Suppose -i*y + 10 = -22. List the prime factors of y.
2
Let o be (-12)/28 - (-93)/21. Suppose 52 = 2*m + 4*f, -3*m - 2*m = o*f - 106. What are the prime factors of m?
2, 3
Suppose 12 = -4*k, 4*k - 6 = -3*y + 2*k. List the prime factors of y.
2
Suppose 7*x + 120 = 12*x. List the prime factors of x.
2, 3
Let i = 6 + -4. Let b be i*(-3)/6 - -5. Suppose 0 = x - b*x + 15. List the prime factors of x.
5
Let c(s) = s**2 + 2*s + 5. List the prime factors of c(-3).
2
Suppose -3*y - 96 = -5*y. Let x(v) = 3*v**2 - v. Let o be x(1). Suppose 0 = -o*i - 12 + y. List the prime factors of i.
2, 3
What are the prime factors of 8/36*-1 - 742/(-18)?
41
Let t be (8 + -2)/((-4)/(-2)). Suppose 0 = 3*o - 1 - 2. Let x = t - o. What are the prime factors of x?
2
Let d(l) = -62*l + 17. List the prime factors of d(-2).
3, 47
Let o be (18/4)/(1/2). Suppose u = 2*u - o. Let i = 19 - u. What are the prime factors of i?
2, 5
Let s(o) = -1 + 7*o**2 - 4*o + 12*o**2 + 2*o. List the prime factors of s(-1).
2, 5
Suppose -3*l + 2*d = -33, d - 33 = -l - 3*l. Suppose -l - 67 = -4*y. List the prime factors of y.
19
Let h(z) = 6*z - 6. Let a be h(4). Suppose 6*t + a = 3*t. List the prime factors of (2/t)/(3/(-45)).
5
Suppose 3*f - 33 = 3. List the prime factors of f.
2, 3
Let m(g) = g**2 - g - 1. Let l be 3/1*(-1)/(-3). Let i(z) = -5*z**2 - 3*z. Let n(u) = l*i(u) + 4*m(u). List the prime factors of n(-6).
2
Let c(u) = u**3 - 4*u**2 - 5*u + 7. Let o be c(5). Su